{"id":636,"date":"2023-09-08T08:54:17","date_gmt":"2023-09-08T06:54:17","guid":{"rendered":"https:\/\/amboslo.esteri.it\/?page_id=636"},"modified":"2025-09-11T12:32:40","modified_gmt":"2025-09-11T10:32:40","slug":"la-societa-dante-alighieri","status":"publish","type":"page","link":"https:\/\/amboslo.esteri.it\/it\/italia-e-norvegia\/diplomazia-culturale\/la-societa-dante-alighieri\/","title":{"rendered":"La Societ\u00e0 Dante Alighieri e i Parchi Letterari"},"content":{"rendered":"<p>La\u00a0<a href=\"https:\/\/ladante.it\/\" target=\"_blank\" rel=\"noopener\">Societ\u00e0 Dante Alighieri<\/a>, fondata nel 1889 da un gruppo di intellettuali guidati da Giosu\u00e8 Carducci ed eretta in Ente Morale con R. Decreto del 18 luglio 1893, n. 347, ha lo scopo di \u00abtutelare e diffondere la lingua e la cultura italiane nel mondo, ravvivando i legami spirituali dei connazionali all\u2019estero con la madre patria e alimentando tra gli stranieri l\u2019amore e il culto per la civilt\u00e0 italiana\u00bb.<\/p>\n<p>Attualmente i Comitati sparsi nel mondo sono\u00a0 oltre 400 diffusi in circa ottanta paesi. I Comitati in Norvegia sono 7, di cui quello di R\u00f8st \u00e8 il Comitato pi\u00f9 settentrionale del mondo.<\/p>\n<ul>\n<li><strong>Bergen<\/strong><\/li>\n<\/ul>\n<p>Presidente: Graziella VAN DEN BERGH<br \/>\n<a href=\"mailto:graziella.van.den.bergh@hvl.no\" target=\"_blank\" rel=\"noopener\">graziella.van.den.bergh@hvl.no<\/a><a href=\"https:\/\/dantebergen.org\/\" target=\"_blank\" rel=\"noopener\"><br \/>\nhttps:\/\/dantebergen.org\/<\/a><a href=\"https:\/\/dantebergen.org\/about\/\"><br \/>\n<\/a><a href=\"https:\/\/www.facebook.com\/dante.bergen\">https:\/\/www.facebook.com\/dante.bergen<\/a><\/p>\n<p>A Bergen \u00e8 anche attivo il\u00a0<strong>Centro Culturale Italiano<\/strong><br \/>\n<a href=\"https:\/\/www.centrobergen.com\/\" target=\"_blank\" rel=\"noopener\">https:\/\/www.centrobergen.com\/<\/a><\/p>\n<ul>\n<li><strong>Halden (Fredrikstad, Sarpsborg)<\/strong><\/li>\n<\/ul>\n<p>Presidente: Terje AAGAARD<br \/>\n<a href=\"mailto:terje.aagaard@online.no\">terje.aagaard@online.no<\/a><\/p>\n<ul>\n<li><strong>Kristiansand<\/strong><\/li>\n<\/ul>\n<p>Presidente: Liv Reykdal JOHANNESSEN<br \/>\n<a href=\"mailto:livrjohannessen@hotmail.com\" target=\"_blank\" rel=\"noopener\">livrjohannessen@hotmail.com<\/a><\/p>\n<ul>\n<li><strong>Oslo<\/strong><\/li>\n<\/ul>\n<p>Presidente: Roberta LUCIANI<br \/>\n<a href=\"mailto:presidente.danteoslo@gmail.com\">presidente.danteoslo@gmail.com<\/a><a href=\"https:\/\/www.facebook.com\/danteoslo\"><br \/>\n<\/a><a href=\"https:\/\/danteoslo.blogspot.com\/\" target=\"_blank\" rel=\"noopener\">https:\/\/danteoslo.blogspot.com\/<\/a><a><br \/>\n<\/a><a href=\"https:\/\/www.facebook.com\/danteoslo\" target=\"_blank\" rel=\"noopener\">https:\/\/www.facebook.com\/danteoslo<\/a><\/p>\n<ul>\n<li><strong>R\u00f8st (Isole Lofoten)<\/strong><\/li>\n<\/ul>\n<p>Presidente: Kjell-Arne HELGEBOSTAD<br \/>\n<a href=\"mailto:presidente.danterost@gmail.com\">presidente.danterost@gmail.com<\/a><br \/>\n<a href=\"https:\/\/www.facebook.com\/danterost\/\" target=\"_blank\" rel=\"noopener\">https:\/\/www.facebook.com\/danterost\/<\/a><\/p>\n<ul>\n<li><strong>Stavanger<\/strong><\/li>\n<\/ul>\n<p>Presidente: Claudio VISENTIN<br \/>\n<a href=\"mailto:clarobi@yahoo.it\" target=\"_blank\" rel=\"noopener\">clarobi@yahoo.it<\/a><\/p>\n<p>A Stavanger \u00e8 anche attiva la\u00a0IKIS, Italiensk Kulturforening i Stavanger<br \/>\n<a href=\"https:\/\/www.ikis.no\/\" target=\"_blank\" rel=\"noopener\">https:\/\/www.ikis.no\/<\/a><br \/>\n<a href=\"https:\/\/www.facebook.com\/IKIS4\/\" target=\"_blank\" rel=\"noopener\">https:\/\/www.facebook.com\/IKIS4\/<\/a><\/p>\n<ul>\n<li><strong>Trondheim<\/strong><\/li>\n<\/ul>\n<p>Presidente: Jostein HALGUNSET<br \/>\n<a href=\"mailto:jostein.halgunset@ntnu.no\" target=\"_blank\" rel=\"noopener\">jostein.halgunset@ntnu.no<\/a><br \/>\n<a href=\"https:\/\/dantetrondheim.wordpress.com\/\" target=\"_blank\" rel=\"noopener\">https:\/\/dantetrondheim.wordpress.com\/<\/a><\/p>\n<p>&nbsp;<\/p>\n<ul>\n<li><strong>Parchi letterari<\/strong><\/li>\n<\/ul>\n<p>In collaborazione con la Societ\u00e0 Dante Alighieri, in Norvegia sono stati istituiti due Parchi Letterari, uno nell&#8217;isola di R\u00f8st dedicato a Pietro Querini ed uno nella cittadina di R\u00f8ros dedicato allo scrittore Johan Peter Falkeberget.<\/p>\n<p>Parco letterario Pietro Querini, nobile e mercante veneziano che naufrag\u00f2 al largo dell&#8217;isola di R\u00f8st nel 1432:<br \/>\n<a href=\"https:\/\/www.parchiletterari.com\/parchi\/pietro-querini-063\/index.php\" target=\"_blank\" rel=\"noopener\"><br \/>\nhttps:\/\/www.parchiletterari.com\/parchi\/pietro-querini-063\/index.php<\/a><\/p>\n<p><a href=\"https:\/\/rost.kommune.no\/hva-er-en-litteraturpark\/category993.html\" target=\"_blank\" rel=\"noopener\">https:\/\/rost.kommune.no\/hva-er-en-litteraturpark\/category993.html<\/a><\/p>\n<p>Parco Letterario Johan Peter Falkeberget (1879-1967):<\/p>\n<p><a href=\"https:\/\/www.parchiletterari.com\/parchi\/johan-peter-falkberget-057\/index.php\" target=\"_blank\" rel=\"noopener\">https:\/\/www.parchiletterari.com\/parchi\/johan-peter-falkberget-057\/index.php<\/a><\/p>\n","protected":false},"excerpt":{"rendered":"La\u00a0Societ\u00e0 Dante Alighieri, fondata nel 1889 da un gruppo di intellettuali guidati da Giosu\u00e8 Carducci ed eretta in Ente Morale con R. Decreto del 18 luglio 1893, n. 347, ha lo scopo di \u00abtutelare e diffondere la lingua e la cultura italiane nel mondo, ravvivando i legami spirituali dei connazionali all\u2019estero con la madre patria [&hellip;]","protected":false},"author":4,"featured_media":0,"parent":44,"menu_order":10,"comment_status":"closed","ping_status":"closed","template":"","meta":{"footnotes":""},"class_list":["post-636","page","type-page","status-publish","hentry"],"_links":{"self":[{"href":"https:\/\/amboslo.esteri.it\/it\/wp-json\/wp\/v2\/pages\/636","targetHints":{"allow":["GET"]}}],"collection":[{"href":"https:\/\/amboslo.esteri.it\/it\/wp-json\/wp\/v2\/pages"}],"about":[{"href":"https:\/\/amboslo.esteri.it\/it\/wp-json\/wp\/v2\/types\/page"}],"author":[{"embeddable":true,"href":"https:\/\/amboslo.esteri.it\/it\/wp-json\/wp\/v2\/users\/4"}],"replies":[{"embeddable":true,"href":"https:\/\/amboslo.esteri.it\/it\/wp-json\/wp\/v2\/comments?post=636"}],"version-history":[{"count":7,"href":"https:\/\/amboslo.esteri.it\/it\/wp-json\/wp\/v2\/pages\/636\/revisions"}],"predecessor-version":[{"id":5975,"href":"https:\/\/amboslo.esteri.it\/it\/wp-json\/wp\/v2\/pages\/636\/revisions\/5975"}],"up":[{"embeddable":true,"href":"https:\/\/amboslo.esteri.it\/it\/wp-json\/wp\/v2\/pages\/44"}],"wp:attachment":[{"href":"https:\/\/amboslo.esteri.it\/it\/wp-json\/wp\/v2\/media?parent=636"}],"curies":[{"name":"wp","href":"https:\/\/api.w.org\/{rel}","templated":true}]}}

La Società Dante Alighieri e i Parchi Letterari

<p>La <a href="https://ladante.it/" target="_blank" rel="noopener">Società Dante Alighieri</a>, fondata nel 1889 da un gruppo di intellettuali guidati da Giosuè Carducci ed eretta in Ente Morale con R. Decreto del 18 luglio 1893, n. 347, ha lo scopo di «tutelare e diffondere la lingua e la cultura italiane nel mondo, ravvivando i legami spirituali dei connazionali all’estero con la madre patria e alimentando tra gli stranieri l’amore e il culto per la civiltà italiana».</p>
<p>Attualmente i Comitati sparsi nel mondo sono  oltre 400 diffusi in circa ottanta paesi. I Comitati in Norvegia sono 7, di cui quello di Røst è il Comitato più settentrionale del mondo.</p>
<ul>
<li><strong>Bergen</strong></li>
</ul>
<p>Presidente: Graziella VAN DEN BERGH<br />
<a href="mailto:graziella.van.den.bergh@hvl.no" target="_blank" rel="noopener">graziella.van.den.bergh@hvl.no</a><a href="https://dantebergen.org/" target="_blank" rel="noopener"><br />
https://dantebergen.org/</a><a href="https://dantebergen.org/about/"><br />
</a><a href="https://www.facebook.com/dante.bergen">https://www.facebook.com/dante.bergen</a></p>
<p>A Bergen è anche attivo il <strong>Centro Culturale Italiano</strong><br />
<a href="https://www.centrobergen.com/" target="_blank" rel="noopener">https://www.centrobergen.com/</a></p>
<ul>
<li><strong>Halden (Fredrikstad, Sarpsborg)</strong></li>
</ul>
<p>Presidente: Terje AAGAARD<br />
<a href="mailto:terje.aagaard@online.no">terje.aagaard@online.no</a></p>
<ul>
<li><strong>Kristiansand</strong></li>
</ul>
<p>Presidente: Liv Reykdal JOHANNESSEN<br />
<a href="mailto:livrjohannessen@hotmail.com" target="_blank" rel="noopener">livrjohannessen@hotmail.com</a></p>
<ul>
<li><strong>Oslo</strong></li>
</ul>
<p>Presidente: Roberta LUCIANI<br />
<a href="mailto:presidente.danteoslo@gmail.com">presidente.danteoslo@gmail.com</a><a href="https://www.facebook.com/danteoslo"><br />
</a><a href="https://danteoslo.blogspot.com/" target="_blank" rel="noopener">https://danteoslo.blogspot.com/</a><a><br />
</a><a href="https://www.facebook.com/danteoslo" target="_blank" rel="noopener">https://www.facebook.com/danteoslo</a></p>
<ul>
<li><strong>Røst (Isole Lofoten)</strong></li>
</ul>
<p>Presidente: Kjell-Arne HELGEBOSTAD<br />
<a href="mailto:presidente.danterost@gmail.com">presidente.danterost@gmail.com</a><br />
<a href="https://www.facebook.com/danterost/" target="_blank" rel="noopener">https://www.facebook.com/danterost/</a></p>
<ul>
<li><strong>Stavanger</strong></li>
</ul>
<p>Presidente: Claudio VISENTIN<br />
<a href="mailto:clarobi@yahoo.it" target="_blank" rel="noopener">clarobi@yahoo.it</a></p>
<p>A Stavanger è anche attiva la IKIS, Italiensk Kulturforening i Stavanger<br />
<a href="https://www.ikis.no/" target="_blank" rel="noopener">https://www.ikis.no/</a><br />
<a href="https://www.facebook.com/IKIS4/" target="_blank" rel="noopener">https://www.facebook.com/IKIS4/</a></p>
<ul>
<li><strong>Trondheim</strong></li>
</ul>
<p>Presidente: Jostein HALGUNSET<br />
<a href="mailto:jostein.halgunset@ntnu.no" target="_blank" rel="noopener">jostein.halgunset@ntnu.no</a><br />
<a href="https://dantetrondheim.wordpress.com/" target="_blank" rel="noopener">https://dantetrondheim.wordpress.com/</a></p>
<p>&nbsp;</p>
<ul>
<li><strong>Parchi letterari</strong></li>
</ul>
<p>In collaborazione con la Società Dante Alighieri, in Norvegia sono stati istituiti due Parchi Letterari, uno nell&#8217;isola di Røst dedicato a Pietro Querini ed uno nella cittadina di Røros dedicato allo scrittore Johan Peter Falkeberget.</p>
<p>Parco letterario Pietro Querini, nobile e mercante veneziano che naufragò al largo dell&#8217;isola di Røst nel 1432:<br />
<a href="https://www.parchiletterari.com/parchi/pietro-querini-063/index.php" target="_blank" rel="noopener"><br />
https://www.parchiletterari.com/parchi/pietro-querini-063/index.php</a></p>
<p><a href="https://rost.kommune.no/hva-er-en-litteraturpark/category993.html" target="_blank" rel="noopener">https://rost.kommune.no/hva-er-en-litteraturpark/category993.html</a></p>
<p>Parco Letterario Johan Peter Falkeberget (1879-1967):</p>
<p><a href="https://www.parchiletterari.com/parchi/johan-peter-falkberget-057/index.php" target="_blank" rel="noopener">https://www.parchiletterari.com/parchi/johan-peter-falkberget-057/index.php</a></p>

La Società Dante Alighieri, fondata nel 1889 da un gruppo di intellettuali guidati da Giosuè Carducci ed eretta in Ente Morale con R. Decreto del 18 luglio 1893, n. 347, ha lo scopo di «tutelare e diffondere la lingua e la cultura italiane nel mondo, ravvivando i legami spirituali dei connazionali all’estero con la madre patria [&hellip;]
